 2*g - 5*v = 31, 3*g + 2*g + 5*v = 95. Suppose -4*h + 40 = -4*s - 4, 0 = 4*h + 4*s - 68. What is the remainder when (-1 - -14)/(9/g) is divided by h?
12
Let v = -29 + 41. Suppose 0*r - 3*r + 138 = 0. What is the remainder when r is divided by v?
10
Let g(p) = -p**3 + 6*p**2 - 6*p - 2. Calculate the remainder when 18 is divided by g(3).
4
Let z be 4/((-29)/(-9) - 3). Suppose 2 = 4*g - z. Calculate the remainder when g is divided by -1*(1 + 2*-2).
2
Let q = -11 + 14. Suppose -4*k + q*a = -a - 44, -2*k + 50 = 5*a. What is the remainder when 59 is divided by k?
14
Let f = -5 - -5. Let s be 4 + 147 - (f + 1). What is the remainder when 14 is divided by (1/(-3))/((-10)/s)?
4
Suppose f + 55 = 5*k, -30 = -0*k - 5*k - 4*f. Calculate the remainder when 25 is divided by k.
5
Let u = 31 + -8. Suppose -3*g = -4*s + 36, 5*s = 2*s - 5*g + 56. Calculate the remainder when u is divided by s.
11
What is the remainder when (4 - -23)/(-2 - -3) is divided by 8?
3
Suppose -b + 2*b = 0. Suppose 0 = 2*q - 8 - b. What is the remainder when q is divided by 3?
1
Suppose 3*y + 1380 = 2*z, -1365 = -y + 4*y + 3*z. Calculate the remainder when 27/(-63) - y/7 is divided by 22.
21
Suppose 3*f + 14 = 3*b - 61, 0 = 5*f - 3*b + 115. Let z = f + 44. Calculate the remainder when z is divided by 13.
11
Suppose -5*g + j = -3*j - 58, -g + 16 = -3*j. Calculate the remainder when 17 is divided by g.
7
Let c(q) = q**3 - 8*q**2 - 6*q - 15. What is the remainder when 71 is divided by c(9)?
11
Let k(b) = -b**3 - 3*b - 5. What is the remainder when 53 is divided by k(-2)?
8
Suppose t = -2*r + 15, 5*r + 2*t - 19 - 19 = 0. Suppose 2*y + r = -4. What is the remainder when 657/21 - y/(-21) is divided by 16?
15
Let v = -6 + 5. Let q be -1*((-6)/2 + v). Suppose q*i = -i + 45. Calculate the remainder when i is divided by 5.
4
Suppose 5*d - 696 = 624. Let s = 379 - d. Calculate the remainder when s is divided by 29.
28
Let o = -22 + 26. Let w = 19 - o. What is the remainder when w is divided by 9?
6
Suppose 4*f - 5*n + 65 - 293 = 0, 4*f - 2*n - 240 = 0. Let m be (-2)/(-4) + (-225)/(-10). Let t = m + -2. Calculate the remainder when f is divided by t.
20
Let o be 357/27 - 10/45. Suppose 16 = 3*b - q, 4*b - 4 - o = -3*q. Calculate the remainder when 9 is divided by b.
4
Suppose -3*s - 14 = 7. Let u(n) = n**2 + 3*n - 3. Let x(c) = c**2 - 11*c - 17. Calculate the remainder when u(s) is divided by x(13).
7
Suppose m - 6*m + 90 = 0. Let l = m - 30. Let s = 0 - l. Calculate the remainder when 23 is divided by s.
11
Let x(j) = 11*j**2 - 4*j + 3. Let f(o) = o**3 - 10*o**2 - 10*o - 1. What is the remainder when x(2) is divided by f(11)?
9
What is the remainder when 4*((-2)/4)/(5/(-50)) is divided by 7?
6
Suppose -3*q - q = -124. Let v(o) = -3*o**3 + 7*o**2 + 6*o**2 - 11*o + 0*o - 1 + 2*o**3. Calculate the remainder when q is divided by v(12).
9
Let v = 56 - 54. Suppose -18 = -3*a + 3*d, -2*a + 5*d + 22 = -a. What is the remainder when a is divided by v?
0
Let v = -71 + 75. Calculate the remainder when 27 is divided by v.
3
Let s = 83 + -37. What is the remainder when s is divided by 17?
12
Suppose -2*m + 29 + 57 = 4*s, 3*m = -s + 14. Suppose d + 174 = 4*d. What is the remainder when d is divided by s*1 - (-6)/(-2)?
18
Let a(p) = -16*p + 1. Let s be a(-6). Suppose -5*j + y + 171 = 0, 0 = 3*j - 0*j - 2*y - s. Suppose x = -x + 38. What is the remainder when j is divided by x?
16
Let o = -42 - -59. Let v = o - 2. Calculate the remainder when 43 is divided by v.
13
Suppose 5*b = 2*a - 6, -2*a - 3*a = b - 15. Suppose -5*h + a*c + 67 = 0, -5*h - 5*c + 24 = -11. Calculate the remainder when 41 is divided by h.
8
Suppose 5*t - 3*n = -2 + 14, 2*t - 1 = 5*n. Calculate the remainder when t is divided by 3 + 7/7 + -2.
1
Let c(x) be the first derivative of -x**4/4 + 4*x**3/3 - 2*x**2 + 2*x - 1. Let d be c(2). Calculate the remainder when d/5 - 186/(-10) is divided by 7.
5
Suppose 3*d - 5 - 12 = -4*o, 2*o - 10 = -2*d. What is the remainder when (-44)/36 + 1 - 38/(-9) is divided by o?
0
Suppose 4*t - 137 = 4*v + 55, 5*t - 4*v = 236. Calculate the remainder when t is divided by 9.
8
Let i = 1150 + -814. Suppose 4*h - 88 = i. What is the remainder when (-1 + 3/2)*h is divided by 14?
11
Let v(q) be the second derivative of 11*q**3/6 - 4*q. Calculate the remainder when v(2) is divided by 6.
4
Suppose p + 4*p - 25 = 0. Suppose -6*z + p*g - 30 = -z, 10 = 2*g. Calculate the remainder when (-70)/(-8) + z/(-4) is divided by 5.
4
Let i = -40 + 69. What is the remainder when i is divided by 15?
14
Suppose -8 = 3*y - 155. Calculate the remainder when y is divided by 13.
10
Let m(j) = -j**3 - j**2 + 6. Suppose 23 - 3 = 5*n. What is the remainder when m(0) is divided by n?
2
Let a(r) = -r**3 - 3*r**2 + 3*r - 1. Calculate the remainder when a(-5) is divided by (-11)/66 - 146/(-12).
10
Let o = -9 - -17. Calculate the remainder when 14 is divided by o.
6
Let s = 46 - 41. Calculate the remainder when 28 is divided by s.
3
Suppose -3*u = u - 228. Suppose 2*r - 3*g + 4 - 15 = 0, -4*r + 4*g = -20. Suppose 0 = r*l + 18 - 78. What is the remainder when u is divided by l?
12
Let j(u) = u**2 + 3*u + 2. Suppose 3*b = -5*s + 8, 6*s - 32 = 3*s + 5*b. What is the remainder when s is divided by j(-3)?
0
Let r = -448 - -645. What is the remainder when r is divided by 33?
32
What is the remainder when 3/4*(-2 + 242) is divided by 46?
42
Suppose 4*y + 20 = 6*y. Let a be -1 + -4 - (-4)/2. What is the remainder when y is divided by 4/a*(-18)/4?
4
Let r(j) = -j**3 + 2*j**2 + 3*j + 1. Let m be r(3). Suppose 2*k + 3*s = 3, k + 19 = 4*s + 48. What is the remainder when m*(23 - -2) - -1 is divided by k?
8
Let m = 94 + -44. Suppose -5*a = 3*r - 82, -3*a + 2*r - 5*r = -48. Calculate the remainder when m is divided by a.
16
Let m be 4/10 + 164/(-10). Calculate the remainder when 46 + (2 - -1) + 3 is divided by (27/12)/((-2)/m).
16
Let w = -12 - -17. Suppose 0 = -5*x - w*u + 120, -2*x + 53 = 5*u + 11. Calculate the remainder when x is divided by 14.
12
Suppose -24*j = -26*j + 38. What is the remainder when j is divided by 9?
1
Suppose -2*x + 0 = 3*h - 6, 10 = 5*h. Suppose -3*b + 9 = -x. Suppose q = -b*q + 44. Calculate the remainder when 31 is divided by q.
9
Suppose 0 = 18*c - 13*c - 35. What is the remainder when c is divided by 5?
2
Suppose 0 = -q - 2*a + 131, 10*q - 381 = 7*q - 2*a. What is the remainder when q is divided by 45?
35
Let a = -5 + 6. Let k be ((-6)/4*-2)/a. Calculate the remainder when 20 is divided by (-7*k)/(-3)*1.
6
Let a(p) = 3*p**2 + p - 2. Calculate the remainder when a(-2) is divided by (8 - 2) + (-52)/13.
0
Let b = -16 + 19. Calculate the remainder when 9 is divided by 2/(4/6) + b.
3
What is the remainder when (0 - -4)/(-2)*(-45)/6 is divided by 4?
3
Let l(g) = 18*g**2 + 2*g - 1. What is the remainder when l(1) is divided by 9?
1
Let z(m) = 2*m - 9. Let y be z(6). Suppose 2*q - 2*s - 2*s = 134, y*q - 2*s - 189 = 0. Calculate the remainder when q is divided by 21.
19
Let n = -1 - -2. Let i(x) = x**2 + x - 1. Let t(k) = 59*k**2 - 4*k + 3. Let q(w) = 3*i(w) + t(w). What is the remainder when q(n) is divided by 21?
19
Suppose -3*i + 4 = i. Let w = 2 - 1. What is the remainder when i is divided by w?
0
Let j(n) = -6*n + 22. Let g be j(-13). Let q be 33/4 + 2/(-8). What is the remainder when 29 is divided by (8/10)/(q/g)?
9
Let m = -28 + 32. Calculate the remainder when 8 is divided by m.
0
Calculate the remainder when 134 is divided by (-63)/35*(2 + -27).
44
Suppose 0 = 4*x - 5*x + 4*z + 140, 5*x - 744 = -2*z. Suppose g + 4*g + 2*m = x, 5*m + 125 = 4*g. What is the remainder when g is divided by 16?
14
What is the remainder when 3/(-1) - -7 - -24 is divided by 10?
8
Let a(n) = -n**2 - 3*n + 3. Let v(o) = -o**3 + 11*o**2 - 10*o + 2. What is the remainder when a(-3) is divided by v(10)?
1
Suppose -3*p + 7*p = 312. What is the remainder when p is divided by 16?
14
Calculate the remainder when (4 + -2)*(2 + (-11)/(-2)) is divided by 6.
3
Let p = 12 + 0. Let r = -27 + 34. Calculate the remainder when p is divided by r.
5
Suppose 10*x - 9*x = 5, -5*w - x + 135 = 0. Suppose 18 = u + u. Calculate the remainder when w is divided by u.
8
Suppose 0 = 2*s - s - 21. Suppose -5*h - 6 = -61. Calculate the remainder when s is divided by h.
10
Suppose 4 = 3*